{"id":7197,"date":"2021-01-11T08:30:53","date_gmt":"2021-01-11T05:30:53","guid":{"rendered":"http:\/\/localhost:8088\/avs\/?page_id=7197"},"modified":"2022-09-07T16:12:48","modified_gmt":"2022-09-07T13:12:48","slug":"iletisim","status":"publish","type":"page","link":"https:\/\/mezun.avrasya.edu.tr\/?page_id=7197","title":{"rendered":"\u0130leti\u015fim"},"content":{"rendered":"\n<div class=\"wp-block-columns is-layout-flex wp-container-core-columns-is-layout-9d6595d7 wp-block-columns-is-layout-flex\">\n<div class=\"wp-block-column is-layout-flow wp-block-column-is-layout-flow\">\n<p><strong>Avrasya \u00dcniversitesi Pelitli Yerle\u015fkesi :<\/strong><\/p>\n\n\n\n<p>Adres : Pelitli Mahallesi Rize caddesi, No:226  Trabzon \/ T\u00dcRK\u0130YE<\/p>\n\n\n\n<div class=\"wp-block-group\"><div class=\"wp-block-group__inner-container is-layout-flow wp-block-group-is-layout-flow\">\n<p>Tel:  0462 335 50 00         <br>        0462 334 00 18<br>        0462 334 00 18<br>        0462 334 00 23<br>        0 462 334 64 50<br>        0 462 344 05 10<br>        0 462 344 05 18<br>        0 462 335 50 02<br>Fax: 0 462 334 64 54<\/p>\n\n\n\n<p><\/p>\n\n\n\n<p><strong>Whatsapp Dan\u0131\u015fma Hatt\u0131m\u0131z:<\/strong> 0 535 333 45 55<\/p>\n<\/div><\/div>\n<\/div>\n\n\n\n<div class=\"wp-block-column is-layout-flow wp-block-column-is-layout-flow\">\n<div class=\"mapouter\"><div class=\"gmap_canvas\"><iframe loading=\"lazy\" width=\"600\" height=\"500\" id=\"gmap_canvas\" src=\"https:\/\/maps.google.com\/maps?q=Avrasya%20%C3%9Cniversitesi%20Pelitli%20Yerle%C5%9Fkesi&#038;t=&#038;z=15&#038;ie=UTF8&#038;iwloc=&#038;output=embed\" frameborder=\"0\" scrolling=\"no\" marginheight=\"0\" marginwidth=\"0\"><\/iframe><a href=\"https:\/\/putlocker-is.org\"><\/a><br><style>.mapouter{position:relative;text-align:right;height:500px;width:600px;}<\/style><a href=\"https:\/\/www.embedgooglemap.net\">insert google map html<\/a><style>.gmap_canvas {overflow:hidden;background:none!important;height:500px;width:600px;}<\/style><\/div><\/div>\n<\/div>\n\n\n\n<div class=\"wp-block-group\"><div class=\"wp-block-group__inner-container is-layout-flow wp-block-group-is-layout-flow\"><\/div><\/div>\n","protected":false},"excerpt":{"rendered":"<p>Avrasya \u00dcniversitesi Pelitli Yerle\u015fkesi : Adres : Pelitli Mahallesi Rize caddesi, No:226 Trabzon \/ T\u00dcRK\u0130YE Tel: 0462 335 50 00 0462 334 00 18 0462 334 00 18 0462 334 [&hellip;]<\/p>\n","protected":false},"author":1,"featured_media":0,"parent":0,"menu_order":0,"comment_status":"closed","ping_status":"closed","template":"","meta":{"_joinchat":[],"footnotes":""},"class_list":["post-7197","page","type-page","status-publish","hentry"],"yoast_head":"<!-- This site is optimized with the Yoast SEO Premium plugin v25.5 (Yoast SEO v26.2) - https:\/\/yoast.com\/wordpress\/plugins\/seo\/ -->\n<title>\u0130leti\u015fim - Avrasya \u00dcniversitesi<\/title>\n<meta name=\"robots\" content=\"index, follow, max-snippet:-1, max-image-preview:large, max-video-preview:-1\" \/>\n<link rel=\"canonical\" href=\"https:\/\/mezun.avrasya.edu.tr\/?page_id=7197\" \/>\n<meta property=\"og:locale\" content=\"tr_TR\" \/>\n<meta property=\"og:type\" content=\"article\" \/>\n<meta property=\"og:title\" content=\"\u0130leti\u015fim\" \/>\n<meta property=\"og:description\" content=\"Avrasya \u00dcniversitesi Pelitli Yerle\u015fkesi : Adres : Pelitli Mahallesi Rize caddesi, No:226 Trabzon \/ T\u00dcRK\u0130YE Tel: 0462 335 50 00 0462 334 00 18 0462 334 00 18 0462 334 [&hellip;]\" \/>\n<meta property=\"og:url\" content=\"https:\/\/mezun.avrasya.edu.tr\/?page_id=7197\" \/>\n<meta property=\"og:site_name\" content=\"Avrasya \u00dcniversitesi\" \/>\n<meta property=\"article:publisher\" content=\"https:\/\/www.facebook.com\/avrasyaunv\/\" \/>\n<meta property=\"article:modified_time\" content=\"2022-09-07T13:12:48+00:00\" \/>\n<meta name=\"twitter:card\" content=\"summary_large_image\" \/>\n<meta name=\"twitter:site\" content=\"@avrasyaunv\" \/>\n<script type=\"application\/ld+json\" class=\"yoast-schema-graph\">{\"@context\":\"https:\/\/schema.org\",\"@graph\":[{\"@type\":\"WebPage\",\"@id\":\"https:\/\/mezun.avrasya.edu.tr\/?page_id=7197\",\"url\":\"https:\/\/mezun.avrasya.edu.tr\/?page_id=7197\",\"name\":\"\u0130leti\u015fim - Avrasya \u00dcniversitesi\",\"isPartOf\":{\"@id\":\"https:\/\/mezun.avrasya.edu.tr\/#website\"},\"datePublished\":\"2021-01-11T05:30:53+00:00\",\"dateModified\":\"2022-09-07T13:12:48+00:00\",\"breadcrumb\":{\"@id\":\"https:\/\/mezun.avrasya.edu.tr\/?page_id=7197#breadcrumb\"},\"inLanguage\":\"tr\",\"potentialAction\":[{\"@type\":\"ReadAction\",\"target\":[\"https:\/\/mezun.avrasya.edu.tr\/?page_id=7197\"]}]},{\"@type\":\"BreadcrumbList\",\"@id\":\"https:\/\/mezun.avrasya.edu.tr\/?page_id=7197#breadcrumb\",\"itemListElement\":[{\"@type\":\"ListItem\",\"position\":1,\"name\":\"Anasayfa\",\"item\":\"https:\/\/mezun.avrasya.edu.tr\/\"},{\"@type\":\"ListItem\",\"position\":2,\"name\":\"\u0130leti\u015fim\"}]},{\"@type\":\"WebSite\",\"@id\":\"https:\/\/mezun.avrasya.edu.tr\/#website\",\"url\":\"https:\/\/mezun.avrasya.edu.tr\/\",\"name\":\"Avrasya \u00dcniversitesi Mezunlar\u0131\",\"description\":\"K\u0131talar\u0131n Bulu\u015fma Noktas\u0131nda E\u011fitime A\u00e7\u0131lan Kap\u0131n\u0131z\",\"publisher\":{\"@id\":\"https:\/\/mezun.avrasya.edu.tr\/#organization\"},\"potentialAction\":[{\"@type\":\"SearchAction\",\"target\":{\"@type\":\"EntryPoint\",\"urlTemplate\":\"https:\/\/mezun.avrasya.edu.tr\/?s={search_term_string}\"},\"query-input\":{\"@type\":\"PropertyValueSpecification\",\"valueRequired\":true,\"valueName\":\"search_term_string\"}}],\"inLanguage\":\"tr\"},{\"@type\":\"Organization\",\"@id\":\"https:\/\/mezun.avrasya.edu.tr\/#organization\",\"name\":\"Avrasya \u00dcniversitesi Mezunlar\u0131\",\"url\":\"https:\/\/mezun.avrasya.edu.tr\/\",\"logo\":{\"@type\":\"ImageObject\",\"inLanguage\":\"tr\",\"@id\":\"https:\/\/mezun.avrasya.edu.tr\/#\/schema\/logo\/image\/\",\"url\":\"https:\/\/mezun.avrasya.edu.tr\/wp-content\/uploads\/2022\/11\/MEZUN-avrasya.png\",\"contentUrl\":\"https:\/\/mezun.avrasya.edu.tr\/wp-content\/uploads\/2022\/11\/MEZUN-avrasya.png\",\"width\":800,\"height\":200,\"caption\":\"Avrasya \u00dcniversitesi Mezunlar\u0131\"},\"image\":{\"@id\":\"https:\/\/mezun.avrasya.edu.tr\/#\/schema\/logo\/image\/\"},\"sameAs\":[\"https:\/\/www.facebook.com\/avrasyaunv\/\",\"https:\/\/x.com\/avrasyaunv\",\"https:\/\/www.youtube.com\/channel\/UCvfQvZoFT32v68SwXgd_Miw\",\"https:\/\/www.instagram.com\/avrasyaunv\/?hl=tr\"]}]}<\/script>\n<!-- \/ Yoast SEO Premium plugin. -->","yoast_head_json":{"title":"\u0130leti\u015fim - Avrasya \u00dcniversitesi","robots":{"index":"index","follow":"follow","max-snippet":"max-snippet:-1","max-image-preview":"max-image-preview:large","max-video-preview":"max-video-preview:-1"},"canonical":"https:\/\/mezun.avrasya.edu.tr\/?page_id=7197","og_locale":"tr_TR","og_type":"article","og_title":"\u0130leti\u015fim","og_description":"Avrasya \u00dcniversitesi Pelitli Yerle\u015fkesi : Adres : Pelitli Mahallesi Rize caddesi, No:226 Trabzon \/ T\u00dcRK\u0130YE Tel: 0462 335 50 00 0462 334 00 18 0462 334 00 18 0462 334 [&hellip;]","og_url":"https:\/\/mezun.avrasya.edu.tr\/?page_id=7197","og_site_name":"Avrasya \u00dcniversitesi","article_publisher":"https:\/\/www.facebook.com\/avrasyaunv\/","article_modified_time":"2022-09-07T13:12:48+00:00","twitter_card":"summary_large_image","twitter_site":"@avrasyaunv","schema":{"@context":"https:\/\/schema.org","@graph":[{"@type":"WebPage","@id":"https:\/\/mezun.avrasya.edu.tr\/?page_id=7197","url":"https:\/\/mezun.avrasya.edu.tr\/?page_id=7197","name":"\u0130leti\u015fim - Avrasya \u00dcniversitesi","isPartOf":{"@id":"https:\/\/mezun.avrasya.edu.tr\/#website"},"datePublished":"2021-01-11T05:30:53+00:00","dateModified":"2022-09-07T13:12:48+00:00","breadcrumb":{"@id":"https:\/\/mezun.avrasya.edu.tr\/?page_id=7197#breadcrumb"},"inLanguage":"tr","potentialAction":[{"@type":"ReadAction","target":["https:\/\/mezun.avrasya.edu.tr\/?page_id=7197"]}]},{"@type":"BreadcrumbList","@id":"https:\/\/mezun.avrasya.edu.tr\/?page_id=7197#breadcrumb","itemListElement":[{"@type":"ListItem","position":1,"name":"Anasayfa","item":"https:\/\/mezun.avrasya.edu.tr\/"},{"@type":"ListItem","position":2,"name":"\u0130leti\u015fim"}]},{"@type":"WebSite","@id":"https:\/\/mezun.avrasya.edu.tr\/#website","url":"https:\/\/mezun.avrasya.edu.tr\/","name":"Avrasya \u00dcniversitesi Mezunlar\u0131","description":"K\u0131talar\u0131n Bulu\u015fma Noktas\u0131nda E\u011fitime A\u00e7\u0131lan Kap\u0131n\u0131z","publisher":{"@id":"https:\/\/mezun.avrasya.edu.tr\/#organization"},"potentialAction":[{"@type":"SearchAction","target":{"@type":"EntryPoint","urlTemplate":"https:\/\/mezun.avrasya.edu.tr\/?s={search_term_string}"},"query-input":{"@type":"PropertyValueSpecification","valueRequired":true,"valueName":"search_term_string"}}],"inLanguage":"tr"},{"@type":"Organization","@id":"https:\/\/mezun.avrasya.edu.tr\/#organization","name":"Avrasya \u00dcniversitesi Mezunlar\u0131","url":"https:\/\/mezun.avrasya.edu.tr\/","logo":{"@type":"ImageObject","inLanguage":"tr","@id":"https:\/\/mezun.avrasya.edu.tr\/#\/schema\/logo\/image\/","url":"https:\/\/mezun.avrasya.edu.tr\/wp-content\/uploads\/2022\/11\/MEZUN-avrasya.png","contentUrl":"https:\/\/mezun.avrasya.edu.tr\/wp-content\/uploads\/2022\/11\/MEZUN-avrasya.png","width":800,"height":200,"caption":"Avrasya \u00dcniversitesi Mezunlar\u0131"},"image":{"@id":"https:\/\/mezun.avrasya.edu.tr\/#\/schema\/logo\/image\/"},"sameAs":["https:\/\/www.facebook.com\/avrasyaunv\/","https:\/\/x.com\/avrasyaunv","https:\/\/www.youtube.com\/channel\/UCvfQvZoFT32v68SwXgd_Miw","https:\/\/www.instagram.com\/avrasyaunv\/?hl=tr"]}]}},"_links":{"self":[{"href":"https:\/\/mezun.avrasya.edu.tr\/index.php?rest_route=\/wp\/v2\/pages\/7197","targetHints":{"allow":["GET"]}}],"collection":[{"href":"https:\/\/mezun.avrasya.edu.tr\/index.php?rest_route=\/wp\/v2\/pages"}],"about":[{"href":"https:\/\/mezun.avrasya.edu.tr\/index.php?rest_route=\/wp\/v2\/types\/page"}],"author":[{"embeddable":true,"href":"https:\/\/mezun.avrasya.edu.tr\/index.php?rest_route=\/wp\/v2\/users\/1"}],"replies":[{"embeddable":true,"href":"https:\/\/mezun.avrasya.edu.tr\/index.php?rest_route=%2Fwp%2Fv2%2Fcomments&post=7197"}],"version-history":[{"count":5,"href":"https:\/\/mezun.avrasya.edu.tr\/index.php?rest_route=\/wp\/v2\/pages\/7197\/revisions"}],"predecessor-version":[{"id":9825,"href":"https:\/\/mezun.avrasya.edu.tr\/index.php?rest_route=\/wp\/v2\/pages\/7197\/revisions\/9825"}],"wp:attachment":[{"href":"https:\/\/mezun.avrasya.edu.tr\/index.php?rest_route=%2Fwp%2Fv2%2Fmedia&parent=7197"}],"curies":[{"name":"wp","href":"https:\/\/api.w.org\/{rel}","templated":true}]}}