{"id":2039,"date":"2018-06-11T14:25:44","date_gmt":"2018-06-11T14:25:44","guid":{"rendered":"http:\/\/demo.goodlayers.com\/infinite\/?page_id=2039"},"modified":"2025-08-11T11:22:12","modified_gmt":"2025-08-11T08:22:12","slug":"avrasya-universitesi-mezunlari","status":"publish","type":"page","link":"https:\/\/mezun.avrasya.edu.tr\/","title":{"rendered":"Homepage"},"content":{"rendered":"","protected":false},"excerpt":{"rendered":"","protected":false},"author":1,"featured_media":0,"parent":0,"menu_order":0,"comment_status":"closed","ping_status":"closed","template":"","meta":{"_joinchat":[],"footnotes":""},"class_list":["post-2039","page","type-page","status-publish","hentry"],"yoast_head":"<!-- This site is optimized with the Yoast SEO Premium plugin v25.5 (Yoast SEO v26.2) - https:\/\/yoast.com\/wordpress\/plugins\/seo\/ -->\n<title>Avrasya \u00dcniversitesi Mezunlar\u0131 | Mezun Portal\u0131 ve \u0130leti\u015fim A\u011f\u0131<\/title>\n<meta name=\"description\" content=\"Avrasya \u00dcniversitesi Mezunlar\u0131 platformu ile eski arkada\u015flar\u0131n\u0131z\u0131 bulun, etkinliklere kat\u0131l\u0131n ve kariyer f\u0131rsatlar\u0131n\u0131 takip edin.\" \/>\n<meta name=\"robots\" content=\"index, follow, max-snippet:-1, max-image-preview:large, max-video-preview:-1\" \/>\n<link rel=\"canonical\" href=\"https:\/\/mezun.avrasya.edu.tr\/\" \/>\n<meta property=\"og:locale\" content=\"tr_TR\" \/>\n<meta property=\"og:type\" content=\"article\" \/>\n<meta property=\"og:title\" content=\"Homepage\" \/>\n<meta property=\"og:description\" content=\"Avrasya \u00dcniversitesi Mezunlar\u0131 platformu ile eski arkada\u015flar\u0131n\u0131z\u0131 bulun, etkinliklere kat\u0131l\u0131n ve kariyer f\u0131rsatlar\u0131n\u0131 takip edin.\" \/>\n<meta property=\"og:url\" content=\"https:\/\/mezun.avrasya.edu.tr\/\" \/>\n<meta property=\"og:site_name\" content=\"Avrasya \u00dcniversitesi\" \/>\n<meta property=\"article:publisher\" content=\"https:\/\/www.facebook.com\/avrasyaunv\/\" \/>\n<meta property=\"article:modified_time\" content=\"2025-08-11T08:22:12+00:00\" \/>\n<meta name=\"twitter:card\" content=\"summary_large_image\" \/>\n<meta name=\"twitter:site\" content=\"@avrasyaunv\" \/>\n<meta name=\"twitter:label1\" content=\"Tahmini okuma s\u00fcresi\" \/>\n\t<meta name=\"twitter:data1\" content=\"5 dakika\" \/>\n<script type=\"application\/ld+json\" class=\"yoast-schema-graph\">{\"@context\":\"https:\/\/schema.org\",\"@graph\":[{\"@type\":\"WebPage\",\"@id\":\"https:\/\/mezun.avrasya.edu.tr\/\",\"url\":\"https:\/\/mezun.avrasya.edu.tr\/\",\"name\":\"Avrasya \u00dcniversitesi Mezunlar\u0131 | Mezun Portal\u0131 ve \u0130leti\u015fim A\u011f\u0131\",\"isPartOf\":{\"@id\":\"https:\/\/mezun.avrasya.edu.tr\/#website\"},\"datePublished\":\"2018-06-11T14:25:44+00:00\",\"dateModified\":\"2025-08-11T08:22:12+00:00\",\"description\":\"Avrasya \u00dcniversitesi Mezunlar\u0131 platformu ile eski arkada\u015flar\u0131n\u0131z\u0131 bulun, etkinliklere kat\u0131l\u0131n ve kariyer f\u0131rsatlar\u0131n\u0131 takip edin.\",\"breadcrumb\":{\"@id\":\"https:\/\/mezun.avrasya.edu.tr\/#breadcrumb\"},\"inLanguage\":\"tr\",\"potentialAction\":[{\"@type\":\"ReadAction\",\"target\":[\"https:\/\/mezun.avrasya.edu.tr\/\"]}]},{\"@type\":\"BreadcrumbList\",\"@id\":\"https:\/\/mezun.avrasya.edu.tr\/#breadcrumb\",\"itemListElement\":[{\"@type\":\"ListItem\",\"position\":1,\"name\":\"Anasayfa\",\"item\":\"https:\/\/mezun.avrasya.edu.tr\/\"},{\"@type\":\"ListItem\",\"position\":2,\"name\":\"Homepage\"}]},{\"@type\":\"WebSite\",\"@id\":\"https:\/\/mezun.avrasya.edu.tr\/#website\",\"url\":\"https:\/\/mezun.avrasya.edu.tr\/\",\"name\":\"Avrasya \u00dcniversitesi Mezunlar\u0131\",\"description\":\"K\u0131talar\u0131n Bulu\u015fma Noktas\u0131nda E\u011fitime A\u00e7\u0131lan Kap\u0131n\u0131z\",\"publisher\":{\"@id\":\"https:\/\/mezun.avrasya.edu.tr\/#organization\"},\"potentialAction\":[{\"@type\":\"SearchAction\",\"target\":{\"@type\":\"EntryPoint\",\"urlTemplate\":\"https:\/\/mezun.avrasya.edu.tr\/?s={search_term_string}\"},\"query-input\":{\"@type\":\"PropertyValueSpecification\",\"valueRequired\":true,\"valueName\":\"search_term_string\"}}],\"inLanguage\":\"tr\"},{\"@type\":\"Organization\",\"@id\":\"https:\/\/mezun.avrasya.edu.tr\/#organization\",\"name\":\"Avrasya \u00dcniversitesi Mezunlar\u0131\",\"url\":\"https:\/\/mezun.avrasya.edu.tr\/\",\"logo\":{\"@type\":\"ImageObject\",\"inLanguage\":\"tr\",\"@id\":\"https:\/\/mezun.avrasya.edu.tr\/#\/schema\/logo\/image\/\",\"url\":\"https:\/\/mezun.avrasya.edu.tr\/wp-content\/uploads\/2022\/11\/MEZUN-avrasya.png\",\"contentUrl\":\"https:\/\/mezun.avrasya.edu.tr\/wp-content\/uploads\/2022\/11\/MEZUN-avrasya.png\",\"width\":800,\"height\":200,\"caption\":\"Avrasya \u00dcniversitesi Mezunlar\u0131\"},\"image\":{\"@id\":\"https:\/\/mezun.avrasya.edu.tr\/#\/schema\/logo\/image\/\"},\"sameAs\":[\"https:\/\/www.facebook.com\/avrasyaunv\/\",\"https:\/\/x.com\/avrasyaunv\",\"https:\/\/www.youtube.com\/channel\/UCvfQvZoFT32v68SwXgd_Miw\",\"https:\/\/www.instagram.com\/avrasyaunv\/?hl=tr\"]}]}<\/script>\n<!-- \/ Yoast SEO Premium plugin. -->","yoast_head_json":{"title":"Avrasya \u00dcniversitesi Mezunlar\u0131 | Mezun Portal\u0131 ve \u0130leti\u015fim A\u011f\u0131","description":"Avrasya \u00dcniversitesi Mezunlar\u0131 platformu ile eski arkada\u015flar\u0131n\u0131z\u0131 bulun, etkinliklere kat\u0131l\u0131n ve kariyer f\u0131rsatlar\u0131n\u0131 takip edin.","robots":{"index":"index","follow":"follow","max-snippet":"max-snippet:-1","max-image-preview":"max-image-preview:large","max-video-preview":"max-video-preview:-1"},"canonical":"https:\/\/mezun.avrasya.edu.tr\/","og_locale":"tr_TR","og_type":"article","og_title":"Homepage","og_description":"Avrasya \u00dcniversitesi Mezunlar\u0131 platformu ile eski arkada\u015flar\u0131n\u0131z\u0131 bulun, etkinliklere kat\u0131l\u0131n ve kariyer f\u0131rsatlar\u0131n\u0131 takip edin.","og_url":"https:\/\/mezun.avrasya.edu.tr\/","og_site_name":"Avrasya \u00dcniversitesi","article_publisher":"https:\/\/www.facebook.com\/avrasyaunv\/","article_modified_time":"2025-08-11T08:22:12+00:00","twitter_card":"summary_large_image","twitter_site":"@avrasyaunv","twitter_misc":{"Tahmini okuma s\u00fcresi":"5 dakika"},"schema":{"@context":"https:\/\/schema.org","@graph":[{"@type":"WebPage","@id":"https:\/\/mezun.avrasya.edu.tr\/","url":"https:\/\/mezun.avrasya.edu.tr\/","name":"Avrasya \u00dcniversitesi Mezunlar\u0131 | Mezun Portal\u0131 ve \u0130leti\u015fim A\u011f\u0131","isPartOf":{"@id":"https:\/\/mezun.avrasya.edu.tr\/#website"},"datePublished":"2018-06-11T14:25:44+00:00","dateModified":"2025-08-11T08:22:12+00:00","description":"Avrasya \u00dcniversitesi Mezunlar\u0131 platformu ile eski arkada\u015flar\u0131n\u0131z\u0131 bulun, etkinliklere kat\u0131l\u0131n ve kariyer f\u0131rsatlar\u0131n\u0131 takip edin.","breadcrumb":{"@id":"https:\/\/mezun.avrasya.edu.tr\/#breadcrumb"},"inLanguage":"tr","potentialAction":[{"@type":"ReadAction","target":["https:\/\/mezun.avrasya.edu.tr\/"]}]},{"@type":"BreadcrumbList","@id":"https:\/\/mezun.avrasya.edu.tr\/#breadcrumb","itemListElement":[{"@type":"ListItem","position":1,"name":"Anasayfa","item":"https:\/\/mezun.avrasya.edu.tr\/"},{"@type":"ListItem","position":2,"name":"Homepage"}]},{"@type":"WebSite","@id":"https:\/\/mezun.avrasya.edu.tr\/#website","url":"https:\/\/mezun.avrasya.edu.tr\/","name":"Avrasya \u00dcniversitesi Mezunlar\u0131","description":"K\u0131talar\u0131n Bulu\u015fma Noktas\u0131nda E\u011fitime A\u00e7\u0131lan Kap\u0131n\u0131z","publisher":{"@id":"https:\/\/mezun.avrasya.edu.tr\/#organization"},"potentialAction":[{"@type":"SearchAction","target":{"@type":"EntryPoint","urlTemplate":"https:\/\/mezun.avrasya.edu.tr\/?s={search_term_string}"},"query-input":{"@type":"PropertyValueSpecification","valueRequired":true,"valueName":"search_term_string"}}],"inLanguage":"tr"},{"@type":"Organization","@id":"https:\/\/mezun.avrasya.edu.tr\/#organization","name":"Avrasya \u00dcniversitesi Mezunlar\u0131","url":"https:\/\/mezun.avrasya.edu.tr\/","logo":{"@type":"ImageObject","inLanguage":"tr","@id":"https:\/\/mezun.avrasya.edu.tr\/#\/schema\/logo\/image\/","url":"https:\/\/mezun.avrasya.edu.tr\/wp-content\/uploads\/2022\/11\/MEZUN-avrasya.png","contentUrl":"https:\/\/mezun.avrasya.edu.tr\/wp-content\/uploads\/2022\/11\/MEZUN-avrasya.png","width":800,"height":200,"caption":"Avrasya \u00dcniversitesi Mezunlar\u0131"},"image":{"@id":"https:\/\/mezun.avrasya.edu.tr\/#\/schema\/logo\/image\/"},"sameAs":["https:\/\/www.facebook.com\/avrasyaunv\/","https:\/\/x.com\/avrasyaunv","https:\/\/www.youtube.com\/channel\/UCvfQvZoFT32v68SwXgd_Miw","https:\/\/www.instagram.com\/avrasyaunv\/?hl=tr"]}]}},"_links":{"self":[{"href":"https:\/\/mezun.avrasya.edu.tr\/index.php?rest_route=\/wp\/v2\/pages\/2039","targetHints":{"allow":["GET"]}}],"collection":[{"href":"https:\/\/mezun.avrasya.edu.tr\/index.php?rest_route=\/wp\/v2\/pages"}],"about":[{"href":"https:\/\/mezun.avrasya.edu.tr\/index.php?rest_route=\/wp\/v2\/types\/page"}],"author":[{"embeddable":true,"href":"https:\/\/mezun.avrasya.edu.tr\/index.php?rest_route=\/wp\/v2\/users\/1"}],"replies":[{"embeddable":true,"href":"https:\/\/mezun.avrasya.edu.tr\/index.php?rest_route=%2Fwp%2Fv2%2Fcomments&post=2039"}],"version-history":[{"count":5,"href":"https:\/\/mezun.avrasya.edu.tr\/index.php?rest_route=\/wp\/v2\/pages\/2039\/revisions"}],"predecessor-version":[{"id":9887,"href":"https:\/\/mezun.avrasya.edu.tr\/index.php?rest_route=\/wp\/v2\/pages\/2039\/revisions\/9887"}],"wp:attachment":[{"href":"https:\/\/mezun.avrasya.edu.tr\/index.php?rest_route=%2Fwp%2Fv2%2Fmedia&parent=2039"}],"curies":[{"name":"wp","href":"https:\/\/api.w.org\/{rel}","templated":true}]}}